Give f(-5).
-7
Let l(w) = 0 - 3*w**2 - 2*w + 2*w**2 + 3 - 6. What is l(-2)?
-3
Let p(r) = -6*r - 2. Let a(k) = 7*k + 2. Let h(n) = 5*a(n) + 6*p(n). Let u be (4 - 3)/(4/(-8)). Calculate h(u).
0
Let o(t) = -6*t**3 - t. Suppose 11 = 4*s + 15. What is o(s)?
7
Let f(a) be the second derivative of -a**5/10 + a**4/6 - a**3/6 + a**2 - 22*a. What is f(2)?
-8
Let j(c) = 2*c - 2. Suppose 2*z + 12*z = 28. Give j(z).
2
Suppose 6*j - 143 = -7*j. Let o(u) = u**3 - 10*u**2 - 11*u - 8. Determine o(j).
-8
Suppose 0 = -3*v, -v - 25 = 5*h + 3*v. Let o(b) = b**3 + 4*b**2 - 6*b - 7. What is o(h)?
-2
Let i = -50 - -53. Let v(u) = u**2. Give v(i).
9
Let r(f) be the second derivative of f**4/12 - 5*f**2/2 - 24*f. Give r(0).
-5
Suppose o - 5 = 2*x + 16, o - 32 = 3*x. Suppose 0 = -6*q + 3*q + 27. Let c = q + x. Let j(r) = -r**3 + 2*r - 1. Give j(c).
3
Suppose -2 = 3*p - c - 3*c, -2*p + 4*c = 4. Let i be ((-2)/(-1))/p - -2. Let k(x) = i*x**2 + x**3 + 7 + 0*x**3 - 3 + x. Calculate k(-3).
1
Suppose 2*j - 15 + 5 = 0. Let s(x) be the second derivative of x**3/6 - 11*x**2/2 - x. What is s(j)?
-6
Let m(d) = -d**2 + 1. Let w(v) = 9*v**3 - 5*v**2 - 2*v + 4. Let r(k) = 5*m(k) - w(k). Let a(g) = g**3 - 9*g**2 - g + 8. Let l be a(9). Calculate r(l).
8
Let a(d) be the second derivative of -d**7/840 + d**6/90 - d**5/40 - d**4/6 + 7*d**3/6 + 4*d. Let v(s) be the second derivative of a(s). What is v(3)?
-4
Let c = -13 - -8. Let o(f) = f - 1. Calculate o(c).
-6
Let p be (-15)/10*40/(-15). Let k(t) = -t + 1. Give k(p).
-3
Let m be (0 - -1)/(1/5). Let a(i) = 3*i**3 + 2*i**2 - 14*i + 2. Let j(o) = o**3 - o**2 - 2*o. Let r(b) = -a(b) + 4*j(b). What is r(m)?
3
Let a(t) = 10*t**2 + t. Let p be a(-1). Let x = p + -7. Let b(c) = -2*c**3 + 2*c**2 + c + 1. Give b(x).
-5
Let n(z) = -z**2 + 8*z - 7. Let r be n(6). Let v(b) = -4*b - 5. Suppose 0 = 5*y + 7 - 37. Let l(q) = 5*q + 6. Let o(j) = y*v(j) + 5*l(j). Calculate o(r).
5
Let s(p) be the first derivative of p**2/2 + 7*p - 2. Calculate s(0).
7
Let l(v) = -v**2 + v + 7. Suppose 2*z = -z. Let k = 3 + z. Let a = -3 + k. Give l(a).
7
Let q(d) = -3*d. Let c be q(-1). Suppose 2*s - 7 = -c. Let u(h) = h - 8. Let g(r) = -r + 7. Let z(o) = -6*g(o) - 5*u(o). Give z(s).
0
Let s be (-4 - -3)/(-4) - 0. Let t(o) be the second derivative of 1/20*o**5 + 0*o**3 - 2*o + 0 - 1/2*o**2 - s*o**4. What is t(2)?
-5
Let f(v) = v + 3*v**2 - 4*v**2 - 6 + 4. Determine f(3).
-8
Let p be -1 + 3/(-1) - 1. Let h(m) = m - 7. Let r(d) = d - 8. Let o(t) = -3*h(t) + 2*r(t). Determine o(p).
10
Let k(h) = -h**3 - 5*h**2 + 8*h + 2. Let m = 28 - 41. Let t = m - -7. Give k(t).
-10
Let g(c) be the first derivative of 0*c**2 + 0*c - 3/4*c**4 + 1 - 1/3*c**3. Calculate g(1).
-4
Let u(d) = -4*d + d + 3*d - 2*d. Suppose -5*k = 2*x + 13, 3*x + 2 = 2*x - k. Let c(y) = -y - 1. Let i(m) = x*u(m) - 3*c(m). Give i(-6).
-3
Let g(f) = f**3 - 2*f**2 - 2*f - 2. Let r = 5 - 2. Give g(r).
1
Suppose 4*m - 2*f = 8 + 4, 2*m + f - 2 = 0. Let d be m/4 + (-4)/(-8). Let t(q) = -4*q**3 - q**2 - 4 + 5*q**3 + 1 + 2. Give t(d).
-1
Let i be (4/6 - 1)*9. Let o(l) = l**2 + 3*l + 3. Give o(i).
3
Let g(p) = -p**2 + 9*p + 13. Let u be g(10). Let h(y) = y + 7. Let r be h(-5). Let q(n) = 1 + 3*n - 5*n**2 + r - 5*n + 5*n + n**3. Calculate q(u).
-6
Let n(v) be the third derivative of v**5/10 - v**4/24 + v**3/6 - 9*v**2. Calculate n(1).
6
Let c(w) be the third derivative of w**5/60 + w**4/24 - w**3/6 + 14*w**2. Give c(1).
1
Let i be (-2)/(-3) - 4/(-3). Let u(z) = -3 - 4*z + 3 + z**2 + i. Let k(m) = 30*m - 175. Let w be k(6). Calculate u(w).
7
Suppose -v = -5*v - 8. Let t(l) = -2*l**3 - l**2 + l - 1. What is t(v)?
9
Suppose w + 1 = -2*g, -g + 4*w = -3*g - 16. Let b(x) = 0*x**3 - 1 - g*x**2 + 7*x + 6*x**2 - x**3 - x. Give b(5).
4
Let j(z) = z**3 + 22*z**2 + 23*z + 46. Let v be j(-21). Let u(h) = -h**3 + 5*h**2 - 3*h + 4. Determine u(v).
8
Let n(k) be the third derivative of -k**9/60480 + k**8/4032 - k**7/1260 + k**6/360 + k**5/12 + 2*k**2. Let b(m) be the third derivative of n(m). Calculate b(4).
2
Let z(v) be the third derivative of v**4/12 + v**3/2 + v**2. Let i = -1 + 1. Suppose o + 3 = -i. Determine z(o).
-3
Let l(v) = 4*v. Let x(i) = i**2 - 4*i + 1. Let n be x(3). Calculate l(n).
-8
Suppose 8*h + 20 = 4*h + 5*w, 4*w - 16 = 2*h. Let f be (1/1 - h)*1. Let x(j) = -3 + f + j + 3. Give x(1).
2
Let d(m) = m. Let g(f) = f**3 - 7*f**2 - 7*f + 3. Let z(n) = 6*d(n) + g(n). Calculate z(7).
-4
Let w(g) be the third derivative of -g**4/24 - g**3/3 + 6*g**2. Calculate w(-6).
4
Let l(s) be the second derivative of -s**4/12 + 3*s**2/2 - 6*s. Give l(-3).
-6
Suppose w = -2, 4*w + 28 = 5*d - 0*w. Suppose -2*p = -0*p + d*b - 18, 5*p + 2*b - 13 = 0. Let u(a) = -2*a**2 + 1 - 153*a + 153*a + 2*a**3. Give u(p).
1
Let u(h) be the second derivative of 1/6*h**4 + 0*h**2 - h - 1/360*h**6 - 1/20*h**5 + 0 + 0*h**3. Let k(l) be the third derivative of u(l). Calculate k(-4).
2
Let c(f) = -2*f**2 + 5*f - 4. Let a(h) be the first derivative of h**2/2 - h - 2. Suppose 4*q - 4 = 12. Let g be a(q). Determine c(g).
-7
Let i(h) = h**2 + 4*h - 3. Let w be i(-5). Let v(p) = -5*p**2 - 6. Let t(z) = z**2 + 1. Let k(r) = -4*t(r) - v(r). Give k(w).
6
Let r(n) = 9 - 2*n - n + 4*n. Give r(-5).
4
Let f(m) = -m**3 - 4*m**2 - m + 4. Suppose 0 = -2*a + 3*q, -a - 3*q + 3 = -4*a. Calculate f(a).
-2
Let b(s) = s - 31 + 26 - s**2 + 5*s. Determine b(6).
-5
Let j = 15 + -8. Let y(u) = -u + 8. What is y(j)?
1
Suppose -3*t + 14 = -7. Let k(b) = 8*b + 30. Let i be k(-4). Let n be (-99)/21 + i/t. Let q(o) = o**3 + 5*o**2 + o + 4. What is q(n)?
-1
Suppose 0 = s + 2 + 3. Let u(j) = 2 - 6 - 2*j + j. Calculate u(s).
1
Let u be -5 + 2 - (-5 - -7). Let s(k) = -k - 8. Give s(u).
-3
Suppose -12 = -5*l + 3*n, l + 1 = -5*n + 9. Suppose -3*d - 15 = -l. Let h(o) = 3*o + 6. Calculate h(d).
-6
Let p(o) = o**2 - 3*o - 3. Let s be p(4). Let f(n) = 5*n**3 - n. What is f(s)?
4
Let u(g) = 5*g**3 + g - 1. Let j(w) = -11*w**3 - w**2 - 3*w + 2. Let l(x) = 6*j(x) + 13*u(x). Give l(-4).
-13
Suppose 2*m - 12 + 4 = 0. Let f(u) = u**2 + 2*u + m*u + 0*u - 2*u + 5. Calculate f(-4).
5
Let x(n) = n**3 - n. Let c = 0 - -1. Let g be 0/(-1 - -2*c). Suppose v = -g*v. Give x(v).
0
Let k(o) = o - 2*o - 1 - o. Suppose 4*d - 3 = -19. What is k(d)?
7
Let d(b) = b + 10. Let r(h) = -12*h**3 + h. Let w be r(1). Let l(g) be the third derivative of g**4/8 + 29*g**3/6 - g**2. Let j(i) = w*d(i) + 4*l(i). Give j(0).
6
Suppose 0*c - 3*c = 12. Let d(w) = 9*w - 3. Let g(u) = -2 + u + 1 + 3*u. Let t(b) = -6*d(b) + 14*g(b). Calculate t(c).
-4
Let z(a) = a**2 + 8*a + 1. Let k = -13 + 20. Suppose -k*j = -3*j + 28. Calculate z(j).
-6
Let h = 46 - 43. Let g(t) be the third derivative of t**2 - 1/8*t**4 + 1/60*t**5 + 0*t + 0*t**h + 0. What is g(4)?
4
Let h(f) be the third derivative of -f**7/1260 + f**6/720 + f**5/60 + f**4/12 - 5*f**2. Let t(o) be the second derivative of h(o). What is t(2)?
-4
Let y(g) = -g**2 + 4*g + 3. Suppose 4*i + 4 = 2*t, 2*t - 3*t - 5*i + 9 = 0. Give y(t).
3
Let v = -11 - -16. Let t(q) = v*q**2 + q - 5 - 2*q + q**3 + 3*q. Let w be 3*((-16)/(-6))/(-2). What is t(w)?
3
Suppose -19 = -3*c - 0*c - m, -2*c = m - 14. Suppose 0 = -2*g + 3*l + 3, c*g = -l - l - 21. Let x(q) = q + q**3 - 5*q**2 + 5*q**2 + 4*q**2 - 2. Determine x(g).
4
Let i(u) = -u**3 - 5*u**2 + u + 4. Suppose -3*t - 2 + 56 = 0. Suppose 2 = 4*x - t. Suppose 20 = -x*y + y. Determine i(y).
-1
Let m(l) = -3*l**2 + 4*l - 5. Let o(h) = -8*h**2 + 12*h - 15. Let w(g) = -11*m(g) + 4*o(g). Calculate w(-6).
7
Let m(p) = -7*p - 2. Let r(y) = 20*y + 6. Let a(o) = -17*m(o) - 6*r(o). Let s be 0 + 4/8*-4 + -2. Give a(s).
2
Let a be -2 + 2 + 0 + -3. Let q = 5 + a. Let r(x) = x**2 + 0 - 2*x**2 - 1 + q*x**2 + 2*x. What is r(-3)?
2
Let w(u) = -u**2 + 4. Let t(b) = b**2 + b - 4. Let p(g) = 3*t(g) + 2*w(g). Suppose 2*x = -7 + 1. Give p(x).
-4
Let y(q) = 3*q - 2. Suppose 5*m = -d + 21, d + 17 = 3*d + 5*m. What is y(d)?
-14
Let v(l) be the first derivative of -l**3/3 + 7*l**2/2 - 2*l - 1. Let m = -16 - -21. Calculate v(m).
8
Let c(f) = f**3 + 4*f**2 + 3*f + 2. Let r(b) = -12 + 3 + 13*b - 1 - 14*b. Let p be r(-7). Give c(p).
2
Let u(o) = -4*o - 4*o + 2*o + 5*o. Give u(6).
-6
Let b(t) = -8*t - 1. Let h(a) = 7*a + 2. Let c(g) = 6*b(g) + 7*h(g). Let y = 12 - 7. Suppose 8*s + 15 